2/2*-3. What is the highest common factor of i and v?
9
Let a = 55 + 99. Calculate the greatest common factor of a and 22.
22
Suppose -5*w + w = -12. Suppose -w*m + 0*m + 45 = 0. Suppose -4*p + 180 = -4*f, 4*f = 5*p - 0*f - 225. What is the highest common factor of m and p?
15
Let i be 22 + (2 + -3)/1. Let f(r) = r + 7. Let m be f(0). What is the highest common divisor of i and m?
7
Let h be 193 - 5 - (1 - 0). Let v = -115 + h. What is the greatest common factor of 8 and v?
8
Let k(z) = 15*z - 5. Let j be k(6). Suppose 2 = 2*s - 66. What is the greatest common factor of j and s?
17
Let c(t) = 2*t**2 + 3*t + 2. Let k be c(-2). Let d(i) = 3*i - 5. Let w be d(7). What is the greatest common divisor of w and k?
4
Suppose 0 = -4*n + 49 + 11. Let h be 3 + (164/4 - -1). Calculate the greatest common factor of n and h.
15
Let y(l) = 3*l - 9. Let p be y(6). Let j = 25 - p. Suppose -f + 23 + 17 = 0. Calculate the greatest common factor of f and j.
8
Suppose -5*c + 94 = -w, 33 = 2*c - w - 7. Let x(l) = -28*l - 2. Let v be x(-2). Calculate the highest common divisor of c and v.
18
Let c(k) = 3*k + 14. Let g = 23 + -13. Let t be c(g). Suppose -d + 6*d - 2*q - t = 0, -4*d + 28 = 2*q. What is the highest common divisor of 8 and d?
8
Suppose 4*l - 28 = -8. Suppose g + 0*g + l*t - 56 = 0, 3*g = 2*t + 236. What is the highest common divisor of g and 19?
19
Let x be ((-8)/10)/(2 + 255/(-125)). What is the greatest common factor of x and 35?
5
Let z(t) = t**3 + 11*t**2 - t - 5. Let n be z(-10). What is the highest common divisor of 35 and n?
35
Let b(k) = 80*k - 1. Let m be b(1). Suppose -3*x + m = 7. What is the highest common divisor of 36 and x?
12
Let x be 7/21 - 95/(-3). Calculate the highest common factor of x and 352.
32
Let w(l) = 5*l - 1. Let q = -5 + 7. Let v be w(q). Suppose 5*a - v*a + 540 = 0. Calculate the highest common factor of a and 15.
15
Let q be ((-75)/10)/((-3)/30 + 0). Calculate the greatest common factor of 15 and q.
15
Suppose -x = -0*l - 3*l - 312, 3*x - l = 936. Calculate the greatest common divisor of 39 and x.
39
Let p = 31 - 30. What is the highest common factor of p and 4?
1
Suppose 2*g - 110 = 38. Let n = g + -153. Let z = -49 - n. Calculate the highest common factor of z and 3.
3
Let r = -23 - -72. What is the highest common factor of 343 and r?
49
Suppose 22 = 3*j + 1. Let x be 2/6 + 97/(-3). Let z = -11 - x. What is the highest common divisor of j and z?
7
Suppose -a - 6 = -71. Let y = -11 + a. Let u = 11 + y. Calculate the highest common factor of 13 and u.
13
Let t be (-1)/3 - (-136)/3. Let b(p) = p**3 + 5*p**2 - 7*p - 1. Let q be (-9)/(-12)*(-7 - 1). Let o be b(q). What is the greatest common factor of o and t?
5
Suppose r - 268 = -3*k - 3*r, -3*k - r = -265. Calculate the highest common divisor of k and 8.
8
Let f be 21 + -10*1/2. Let h be (1/2)/((-1)/(-48)). Calculate the highest common divisor of h and f.
8
Let w(o) = -o**2 + 10*o + 12. Let q be w(5). Suppose -6*l + 89 = -q. What is the greatest common divisor of l and 147?
21
Let x be (6 + -2 + -6)/(-1). Let u be ((-17)/3)/(x/(-6)). Calculate the greatest common factor of u and 85.
17
Let h(b) = 1 - 2 + b**2 + 2. Let w be h(-2). Suppose w*z = 2*z + 15. Calculate the highest common divisor of z and 45.
5
Let j be (2/(-6))/(3/(-45)). Suppose -j*b + 10*b = 95. What is the highest common factor of 38 and b?
19
Let l = -20 - -52. Calculate the highest common divisor of 80 and l.
16
Suppose k - 4*k = 0. Suppose k = 3*z - 0*z - 120. Let y be 21/2 - (-1)/(-2). Calculate the greatest common factor of y and z.
10
Let t = 117 - 18. Let i = 218 + -209. What is the greatest common factor of i and t?
9
Suppose 3*f = 50 - 8. What is the highest common divisor of 42 and f?
14
Suppose o + 7 = -3*i, -i - 3 = -2*o + 4. Let z be (-35)/15 + 3 - (-8)/6. What is the highest common factor of z and o?
2
Let f be 2/(1/(-5)*-2). Suppose -4 + 24 = f*w. Let x = 98 - 66. What is the greatest common divisor of w and x?
4
Let s(a) = -a - 2. Let o be s(7). Let j = o + 13. Suppose 4*x - 4*n = n + 17, -j = -x + n. Calculate the greatest common factor of 15 and x.
3
Let a(p) = 6*p**2 - 8*p - 6. Let u be a(6). What is the greatest common factor of u and 18?
18
Suppose -20*i + 15*i = -260. Calculate the highest common factor of 4 and i.
4
Suppose 8 = 3*o - 37. Let d be (75/(-9))/((-5)/o). What is the highest common factor of d and 10?
5
Let t = -16 + 58. Calculate the highest common factor of t and 105.
21
Let t be (-2)/(6/(-9)) + (41 - 2). Calculate the highest common divisor of t and 28.
14
Let q = -13 + 9. Let f be (-297)/(-6)*q/(-6). Calculate the greatest common factor of 3 and f.
3
Let a be (4/12)/(2/12). Let x(y) = 6 - 4*y + 0*y**a + 0*y**2 + y**2 - y. Let g be x(8). Calculate the highest common divisor of 45 and g.
15
Suppose 110*c - 114*c = -124. Calculate the highest common factor of 31 and c.
31
Let y = -87 + 32. Let l(h) = h**3 + h**2 - 1. Let d be l(-1). Let q be (d + 7)*y/(-10). What is the highest common factor of 3 and q?
3
Let n be (2 - (-6)/(-2))/(-1). Let z be -2 - 1*-8 - n. What is the highest common divisor of z and 1?
1
Suppose -29*t + 12*t + 1224 = 0. Calculate the highest common divisor of t and 54.
18
Let q be ((-40)/(-16))/((-1)/(-8)). Let j = -9 + 13. Suppose 4*s + 82 = j*t - t, -5*t + 158 = 4*s. What is the highest common divisor of t and q?
10
Suppose -4*n + 2*n + 14 = 5*h, 3*h + 4*n = 0. Suppose 14 = h*p - 10. What is the highest common factor of 12 and p?
6
Let t(v) = v + 13. Let r be t(-10). What is the highest common factor of r and 3?
3
Let t(v) = v**3 + 2*v**2 - 3*v + 3. Let f be t(-3). Suppose -10 = -f*x + 5*x. Let l be (-402)/x + 4/(-10). What is the highest common factor of l and 32?
16
Suppose -5*o = -50 - 0. Suppose -o*p + 3*p = -84. Calculate the highest common factor of 96 and p.
12
Suppose -4*n + 18 = -22. Suppose m + 0 - 50 = 0. What is the greatest common divisor of n and m?
10
Let x(o) = o**2 + 3*o - 7. Let f be x(-5). Let p be 30 + 0/((-6)/f). What is the greatest common divisor of p and 15?
15
Suppose i - 4 = -2. Suppose 5*z = -i*f - f + 3, -3*z = 3*f - 9. Suppose u + p = f, -26 = -2*u + u - 5*p. What is the greatest common factor of u and 1?
1
Suppose 8 = 4*u, -3*u + 0 = -3*p + 15. Let g be (98/4)/((-2)/(-4)). What is the highest common divisor of g and p?
7
Let w be (4 - -1)/(2/12). Let r = 5 - 5. Suppose r = 2*n - 2 - 28. Calculate the greatest common factor of w and n.
15
Suppose 4*h = 2*l + 58, 0*h + l - 13 = -h. Let n(u) = -13*u + 1. Let q be n(-1). What is the highest common factor of q and h?
14
Suppose 3*n - 7 = 5. Calculate the greatest common divisor of 10 and n.
2
Let j = 57 + -24. Suppose -j - 99 = -4*f. Calculate the highest common divisor of f and 11.
11
Let m be (-2 - -4 - -43) + 0. Let h be 446/30 - (-6)/m. What is the greatest common divisor of h and 3?
3
Let s be (-2)/(2/14*-2). Suppose s*t = 4*t. Suppose t*z = 3*z - 165. Calculate the highest common divisor of 11 and z.
11
Let t be (351/(-15))/((-1)/5). What is the highest common factor of t and 13?
13
Let k = -10 + 21. Suppose 33*u - 1346 = -257. Calculate the greatest common divisor of u and k.
11
Let f(p) = p + 9 + p - p. Let c be f(-6). Let z = 189 + -168. What is the highest common divisor of c and z?
3
Let y(z) = 17*z**2 - z + 1. Let s be y(2). Suppose -5*b + s = -23. What is the greatest common divisor of 3 and b?
3
Let h be (-1)/((4/12)/(-1)). Suppose -7*x = -h*x - 216. Calculate the highest common divisor of 27 and x.
27
Suppose 0 = c + 2, 3*p - c - 82 = p. Calculate the greatest common factor of p and 8.
8
Let p(r) = -2*r + 3. Let a be p(4). Let s = a - -14. What is the greatest common factor of 6 and s?
3
Let g be 18 - (9/3)/(-3). Suppose i + 5 = 0, -2*l + i + 10 = -g. Calculate the greatest common factor of l and 3.
3
Let f(v) = 4 + 0*v - v**2 + 2*v**3 - v - 3*v**3 - 5. Let z be f(-1). Suppose z*w - 3 = -w. What is the highest common divisor of 21 and w?
3
Let h be 4/3*(-6)/4. Let m be 21/6*8 - h. Calculate the greatest common divisor of m and 15.
15
Let m(p) = -2*p - 4. Let w be m(-8). Let k = w + 33. Suppose 4*x = 16, -5*x + 56 = 3*j - j. What is the highest common factor of j and k?
9
Let m(t) = -t**2 - t + 9. Let i be m(0). Suppose -213 - 75 = -4*x. What is the highest co